be ((-10)/4)/(-5)*62. Let j be (-253)/46*10*2/1. Let p = u - j. What are the prime factors of p?
3, 47
Let u = -25 - 5. Let v = u - -34. List the prime factors of v/14 + (-2640)/(-70).
2, 19
Let n(a) = 63*a**2 + 147*a + 2128. List the prime factors of n(-13).
2, 7, 97
Suppose -5*h - 87 + 107 = 0. Let g(l) = 63*l**2 + l - 6. What are the prime factors of g(h)?
2, 503
Let v = 73 - -246. Suppose v = -11*f + 12*f - u, -f + 327 = u. List the prime factors of f.
17, 19
Suppose 0 = -13*o - 3143 - 887. What are the prime factors of o*((-28)/5 - -4)?
2, 31
Let w be 5/(-30)*3*-1018 - -3. Suppose 0 = 11*m - 1534 - w. What are the prime factors of m?
2, 3, 31
Let w = 49 + -46. Suppose 0 = 3*p - 3, 0 = w*c - 2*p + 5*p - 180. Suppose -c = -2*f - 5*x + 310, f = 4*x + 191. List the prime factors of f.
11, 17
What are the prime factors of 1638/338 + (3 - (-74)/(-26)) - -1638?
31, 53
Suppose 19 = -9*s + 73. Suppose s*n - 1 = 5*n, 2*p + 5*n - 1243 = 0. List the prime factors of p.
619
Suppose 4*u - 10952 = 3*n - n, -2*n + 10936 = 4*u. Suppose 2736 = 2*m + 3*w, -2*m + 5*w + u = 2*w. List the prime factors of m.
2, 3, 19
Let l(c) = 2*c**2 - 6*c + 5. Let g be l(3). Suppose -2*o + 4*d = -42, -g*d - 109 = -5*o + 21. List the prime factors of o.
31
Suppose 1351*z = -4*k + 1350*z + 25702, -z + 32127 = 5*k. What are the prime factors of k?
5, 257
Suppose -4*l - 7696 = -4*k, -15*l - 5796 = -3*k - 18*l. List the prime factors of k.
2, 241
Suppose -g = -4*u - 8, -9*u = -5*u + 8. Suppose g*v = -6*v + 1104. List the prime factors of v.
2, 23
Suppose -167*h - 1090 = -168*h. Suppose 4*k - 486 - h = 0. List the prime factors of k.
2, 197
Suppose v = -3*x - 30, -60 = 2*v - x - 3*x. Let o be -2 + (-7)/(35/v). What are the prime factors of -4 + -118*o/(-8)?
5, 11
Let l(y) = 2*y**2 + 5*y + 9. Let d be l(4). Let p = d + -53. What are the prime factors of p/36 - 997/(-9)?
3, 37
Suppose -16*y = -100449 - 224159. What are the prime factors of y?
2, 317
Let j = 58468 - -30247. List the prime factors of j.
5, 11, 1613
Let r(m) = 2*m**2 - 4. Let v be r(2). List the prime factors of 41321/35 + v/10.
1181
List the prime factors of -4 - (-6 - (0 - -6)) - -21435.
41, 523
Suppose 29*c - 30*c = 6. What are the prime factors of (c - -8)/(1/159)?
2, 3, 53
Let x(m) = 82*m + 1. Let n = -9 - -9. Let o be -4 - (n + -5 + 0). What are the prime factors of x(o)?
83
Suppose 0 = -27*x + 15*x + 34332. What are the prime factors of x?
2861
Let a(q) = 835*q**2 + 13*q + 26. Let b(j) = 2*j - 6. Let l be b(7). Let g(s) = -278*s**2 - 4*s - 9. Let z(k) = l*g(k) + 3*a(k). List the prime factors of z(-1).
2, 5, 7
Let h(s) = 19*s**2 - 9*s - 9. Let q be h(-3). Suppose 0 = v - 45 + q. List the prime factors of v/(-15)*(-2)/(12/(-75)).
2, 3, 5
Let d(p) = 2*p**3 - 7*p**2 + 2*p - 6. Let s be d(13). Suppose 369 = -18*o + s. What are the prime factors of o?
3, 53
Let m(r) be the third derivative of -r**5/60 + r**4/24 - r**3/3 + 14*r**2. Let w be m(0). List the prime factors of 157 + w - (12 + -10).
3, 17
Let w = 5451 + 879. What are the prime factors of w?
2, 3, 5, 211
Let g be (-12 - 0)*(20 + -24). Suppose 1 - 2 = 5*d - 3*o, 2*o = -2*d + 6. Let v = g + d. List the prime factors of v.
7
What are the prime factors of 638/7656 + (-557747)/(-12)?
3, 15493
Suppose 3*z + 18*j - 61471 = 11*j, 4*z - 81974 = -3*j. What are the prime factors of z?
5, 4099
Suppose -2*a = 2*a - 5*o - 134, 0 = -3*a - 4*o + 85. Let s = 62 + a. Let l = s + -30. What are the prime factors of l?
3, 7
Let n be (-6)/9 + 6/9. Suppose 4*f + 4*g - 3112 = n, 5*g + 0*g = -2*f + 1544. List the prime factors of f.
2, 17, 23
Suppose 79*h + 16770 = 80*h - 8*z, -16760 = -h - 2*z. What are the prime factors of h?
2, 17, 29
What are the prime factors of 6 + (-50)/(-10) - -7450?
3, 829
Let f = 25259 - 5121. What are the prime factors of f?
2, 10069
Suppose 0 = 5*f + 173*a - 175*a - 10555, 4222 = 2*f - 4*a. What are the prime factors of f?
2111
Let f be (-2 - -6 - 3)/(-1). Let t be 1*1/((-4)/(-4)) - f. Suppose -5*n + t*n = -330. List the prime factors of n.
2, 5, 11
Suppose -3*h + 27*h - 96 = 0. Suppose 5*q + h*q - 7569 = 0. List the prime factors of q.
29
What are the prime factors of 88467/4 - ((-27)/(-12) + 72/(-48))?
2, 3, 19, 97
List the prime factors of 1567908/48 - (-5)/20.
5, 47, 139
Let o = 265 + 168. List the prime factors of (o/5)/(27/135).
433
Suppose 5*s = 4*s + 5. Let k(f) = -f**3 + 5*f**2 + f - 6. Let c be k(s). List the prime factors of (-4)/(-5)*(0/c - -20).
2
Let g(o) = 10*o + 19. Let v be -1 - 0/(-2) - (9 - 13). Suppose 5*u - 46 = -v*j, u + 6*j - j = 18. What are the prime factors of g(u)?
3, 11
Suppose -7*c + 4*c = -39. Let w(s) = -2 + 14*s + c*s - 23*s. What are the prime factors of w(3)?
2, 5
Suppose 90 = 22*h + 8*h. Suppose h*b - 324 = 1071. List the prime factors of b.
3, 5, 31
Suppose 153*x - 17*x - 4291202 + 1368562 = 0. What are the prime factors of x?
2, 5, 7, 307
List the prime factors of (-16)/14*-3*1358/12.
2, 97
List the prime factors of -5*(-3)/60*4 + 13 + 20343.
20357
Suppose 4*a - 242 = 3*u + 88, -160 = -2*a - u. Suppose 10*k - 7*k = a. Suppose -4*h = y - 3*h - k, -h = -y + 25. What are the prime factors of y?
2, 13
Let c(j) = -j**3 + 2*j - 3. Let l be c(3). Let i(a) = -a**3 - 25*a**2 - 26*a - 46. Let o be i(l). Suppose o*n - 124 = 120. List the prime factors of n.
2, 61
Let y(x) = -3*x - 35. Let b be y(-13). Let i be (98/b)/(10/(-40)). Let m = i + 160. List the prime factors of m.
2, 31
Let u = 3439 + 9052. What are the prime factors of u?
12491
Let o be ((-20)/(-125)*-5)/((-2)/360). Suppose -140*z = -o*z + 2656. What are the prime factors of z?
2, 83
Let d(m) = 10*m - 25. Let n be d(3). What are the prime factors of 5 - (-20 - n)*17?
2, 5, 43
Suppose -51*a = -79*a. Suppose -8*v + 6008 + 3192 = a. List the prime factors of v.
2, 5, 23
Let k = -90 - 13. Let v = k - -192. List the prime factors of v.
89
Let s(a) = -a - 13. Suppose z + 3*w = -1 - 4, 4*w - 52 = 4*z. Let i be s(z). What are the prime factors of 4 - 6 - (16*-1 - i)?
2, 3
Suppose 491886 + 651101 + 229477 = 108*j. What are the prime factors of j?
2, 3, 353
Suppose 3*r - 6300 = -r - 4*s, 2*r - 5*s = 3122. List the prime factors of r.
1571
Let s(j) be the first derivative of -35*j**2/2 - 29*j - 4. List the prime factors of s(-15).
2, 31
Let g be 2*(-14)/7 - 1119. Let c = g - -1877. List the prime factors of c.
2, 13, 29
Suppose -27740 = -5*s + 5*h, -3*s - 241*h + 243*h + 16647 = 0. What are the prime factors of s?
7, 13, 61
Suppose 4 = 36*h - 40*h. Let u(i) = -8*i - 3. Let s be u(h). Let t(b) = -b**3 + 6*b**2 - b + 5. List the prime factors of t(s).
5
Suppose -3*c + 5*q = -0*q - 881, -3*c + 4*q = -880. Let m = 127 + c. List the prime factors of m.
419
Let h = -33 + 35. Let d(z) = -4 + z**h + 8 + 2*z + 5 + 3*z. What are the prime factors of d(-11)?
3, 5
Suppose -4*w + 3055 + 7909 = 0. Suppose -w = -12*z + 1711. What are the prime factors of z?
7, 53
Let m = -57 - -58. Let u be m + (-9)/6 - 43/2. Let i = 82 - u. List the prime factors of i.
2, 13
Let h = 1653 + -445. List the prime factors of h.
2, 151
Let b(c) = -1380*c - 116. List the prime factors of b(-7).
2, 1193
Let z(d) = -3*d - 17. Let h be z(-6). Let i be h + (3 - 84)*6/(-9). Suppose -4*q + i = -93. What are the prime factors of q?
37
List the prime factors of (-6)/1 + -1 + (1398 - -447).
2, 919
Suppose 2*f + 0*n - 3*n = 15, -9 = -4*f - n. Suppose -a - 5*i - 64 = 0, -7*a - 3*i = -f*a + 341. Let x = a + 134. What are the prime factors of x?
3, 5
Suppose -39 = 59*v - 60*v. Suppose -5*x + 5*s = -1315, x - 259 = -37*s + v*s. What are the prime factors of x?
3, 89
Let q be 35/14 + (-6)/(-12). What are the prime factors of ((-12705)/(-70))/(q/4)?
2, 11
Suppose -3*l = -5*l - 188. Let r = -55 - l. Suppose -39 = -k - 4*c, 3*k - 2*k - r = -5*c. What are the prime factors of k?
3, 13
Let p = 6 - -46. Let i be ((5 - 4) + p)*1. Suppose 0 = k - 17 - i. List the prime factors of k.
2, 5, 7
Let t be (-2)/4 + 18/4. Suppose -32 = -2*y - 0*y + 2*a, -t*a + 13 = 3*y. Suppose -2*u = i - 0*u - y, 0 = 2*i - 2*u - 22. List the prime factors of i.
11
Let t(n) = -15*n**3 - n. Let a be t(-1). Suppose 0 = 5*y + 3*h + a, 2*h = -4*y - 0*h - 12. List the prime factors of 574*(-4)/(-16) + y/(-4).
2, 3
Let i be (11/((-99)/27))/(9/(-57)). Suppose i*l 